ppose 4*r + r = h. Suppose 2*q = r - 0. What is the highest common factor of 8 and q?
8
Let u = 3 + -1. Suppose 8 = 5*f - f. What is the greatest common factor of f and u?
2
Let a be ((-20)/(-15))/((-2)/(-27)). Let k be (16/12)/((-4)/a). Let j be 476/44 - k/33. Calculate the highest common divisor of 33 and j.
11
Let j be -1*(-2)/((-4)/2). Let m(p) = 6*p**2 - 1. Let w be m(j). Suppose 3*y - w = -2. Calculate the highest common factor of 5 and y.
1
Let i(c) = c**2 + 4*c + 2. Let h be i(-4). Let j be (-11)/(h/(1 - 3)). Calculate the greatest common factor of 44 and j.
11
Suppose 0 = -6*i - 128 + 8. Let t = i + 45. Calculate the highest common factor of t and 75.
25
Let j = 4 + 5. Suppose 3*p = -b + 4*p + 19, b - 3*p = j. Calculate the greatest common divisor of 24 and b.
24
Suppose 5*x = x + 208. Suppose -x = -4*p - 0. Let h = p + -7. Calculate the greatest common divisor of h and 15.
3
Let b(y) = 23*y - 112. Let c be b(7). Suppose -m = u - 12, 2*m - 66 = -8*u + 3*u. Calculate the highest common divisor of c and u.
7
Let o = 379 - 164. What is the highest common divisor of o and 43?
43
Let p(z) = z**2 + 4*z - 1. Let x(r) = r - 16. Let n be x(11). Let j be p(n). Let o be 1*(j/4 - 0). Calculate the highest common factor of 1 and o.
1
Let f be 3 + -6 + 5 + 54/1. Suppose -20*k = -22*k + f. What is the greatest common factor of 84 and k?
28
Suppose 8*t - 13*t = -765. Let x be ((-34)/(-4))/(3/6). Calculate the greatest common factor of t and x.
17
Suppose 13*r - 840 = -r. What is the greatest common divisor of r and 100?
20
Suppose 0 = 3*g - 3*a, 5*g + 5*a - 48 = 2. Suppose 15 = g*d, -j - 4*d = -27 - 1. What is the greatest common factor of j and 8?
8
Suppose -304 = -5*x + 126. Let q = x - 50. Let n = -20 + 29. What is the greatest common factor of n and q?
9
Let w(m) = 3*m**2 - 15*m + 45. Let l be w(4). What is the highest common factor of l and 165?
33
Suppose -12*n - 23*n + 3500 = 0. Calculate the highest common divisor of 4 and n.
4
Let y be (-6)/7 - 2184/(-147). Calculate the highest common factor of y and 112.
14
Let k(h) = -4*h**3 + 7*h**2 + 25*h - 6. Let x be k(-8). What is the highest common divisor of 10 and x?
10
Suppose 4*p + i = 311, -243 = 5*p - 8*p - 4*i. What is the highest common divisor of 112 and p?
7
Suppose 0 = -5*x - 8 + 48. Let h(u) = -u**3 + 7*u**2 + 11*u - 5. Let t be h(x). Calculate the highest common divisor of t and 76.
19
Suppose 51*t + 98 = 58*t. Let o be (48/t)/((-68)/(-238)). What is the highest common divisor of 28 and o?
4
Let g(o) = -5*o**3 + 3*o**2 - o + 8. Let l be g(-4). Calculate the highest common factor of 20 and l.
20
Let b(k) = k + 12. Let t be b(-4). Let z be 0 - (-1 + -1 + 4). Let d be (z + -18)*(2 - 3). Calculate the highest common divisor of d and t.
4
Let s(c) = 4*c**2 - 19*c + 3. Let i(j) = 7*j**2 - 39*j + 6. Let x(f) = -2*i(f) + 5*s(f). Let l be x(5). What is the highest common divisor of 102 and l?
34
Let y = -278 - -280. What is the greatest common factor of 134 and y?
2
Let a(h) = -256*h - 3049. Let c be a(-12). Let n = -113 + 159. Calculate the highest common factor of c and n.
23
Suppose 3*d + 18 = 4*l, -5*l + 44 = 5*d + 4. Suppose -l*k + 187 = 31. Suppose 4*x + 2 = k. Calculate the highest common divisor of x and 66.
6
Suppose 6*s - 2*u - 84 = 5*s, s + 2*u - 76 = 0. Let f be (-2)/(-6) + (-1436)/(-12). Calculate the highest common factor of f and s.
40
Let g = 170 - 89. Let f be (2 - -7)*(-1 + 2). Suppose 0*l + 2*l - f = -3*p, 5*p + 24 = l. What is the highest common factor of l and g?
9
Suppose 77*w - 72*w - 195 = 0. Suppose -3*z = 3*i + z - 32, 0 = -3*i + 3*z + w. What is the greatest common divisor of i and 9?
3
Let o = -38 + 60. What is the greatest common divisor of 352 and o?
22
Suppose 4*o - 2*o - 135 = 5*z, -3*z - 65 = -o. Let p = o + -44. What is the greatest common factor of p and 48?
12
Let o be (-6 + 8)*2/2. Let p(n) = 2*n**2 + 3*n - 3. Let d be p(o). Suppose 0 = 4*s + 4*z - 0 - 4, 4*s - 3*z = d. What is the greatest common factor of s and 5?
1
Let m = -860 + 892. What is the greatest common divisor of 800 and m?
32
Suppose 20*f + 1152 = 44*f. What is the highest common divisor of f and 18?
6
Let y(l) = 7*l**2 - 19*l. Let z be y(-5). Suppose -150 = 18*q - 23*q. Calculate the greatest common divisor of q and z.
30
Let f(h) = 704*h**2 + 20*h - 19. Let l be f(1). What is the highest common factor of 45 and l?
15
Suppose 4*o = -3*s - 5, 3*o - 2*s + 3 = 12. Let j = 18 - o. Suppose -j - 91 = -4*b. Calculate the highest common divisor of 9 and b.
9
Let u = 10 - 8. Let h be u + (3 - 7)*1. Let t be -3 + h + 3 + 50. What is the greatest common factor of t and 12?
12
Suppose -12*t = 1909 - 10741. Calculate the greatest common factor of 92 and t.
92
Let c = 637 + -390. Calculate the highest common divisor of 19 and c.
19
Let h = -10 + 1. Let k be (2 - 4 - -3)*h. Let p(j) = -j**2 - 10*j - 1. Let t be p(k). What is the greatest common factor of t and 16?
8
Let d be (-2)/2 + (-8)/(-2). Let w(y) = -4*y + d - 8*y + 2 - 3. Let p be w(-9). What is the highest common factor of 22 and p?
22
Let o = 56 - 56. Suppose o = -3*s + 7 + 17. Calculate the greatest common divisor of 8 and s.
8
Let o = -78 - -234. Suppose 2*a + 5*y - 42 = 51, -4*a - 4*y + o = 0. Calculate the greatest common factor of a and 136.
34
Suppose 0 = 3*h - 4*a - 0*a - 76, 0 = 4*h - a - 110. Calculate the highest common divisor of h and 28.
28
Let p(d) be the third derivative of 5*d**4/24 - 5*d**3/6 + 3*d**2. Let q be p(10). What is the highest common factor of q and 5?
5
Let g = -2 - 28. Let j = 44 + g. Suppose t - j = -3*z, -3*t + 28 = -t - 4*z. Calculate the highest common divisor of 35 and t.
7
Let f(y) = -7*y + 31. Let x be f(10). Let h be -2*2/12*x. Calculate the greatest common divisor of 169 and h.
13
Let q = -93 + 201. Let f(p) = -p**3 + 21*p**2 - 14*p - 108. Let v be f(20). Calculate the highest common factor of q and v.
12
Let o = 118 - 246. Let s = -63 - o. Calculate the greatest common factor of 13 and s.
13
Let a = 1182 - 1179. Calculate the greatest common divisor of 381 and a.
3
Let x be (7 - (-9 + -12)) + -11. Calculate the greatest common factor of 3111 and x.
17
Let i(v) be the first derivative of v**2/2 - 9*v - 2. Let b be i(9). Suppose 3*z = -b*z + 12. What is the highest common factor of z and 8?
4
Let h(i) = -6*i + 86. Let l be h(14). Calculate the greatest common factor of 92 and l.
2
Let t be (-1)/(-1) + -9 + 29. Let j = -50 + 113. Calculate the highest common divisor of t and j.
21
Let k(v) = -v**3 - 16*v**2 - 2. Let p be k(-16). Let t be (11 - 109)*1/p. Calculate the greatest common divisor of t and 7.
7
Let w = -1912 - -1937. What is the greatest common factor of 155 and w?
5
Let d = -2055 - -2316. Calculate the highest common divisor of 126 and d.
9
Let u(r) = 45*r**2 + 3*r + 1. Let v be u(-2). Suppose -5*w + v = 5*b, -14 + 195 = 5*w - b. Calculate the highest common factor of w and 216.
36
Suppose 13*n - 12*n - 4 = 0, 1113 = 5*h - 3*n. What is the highest common divisor of h and 360?
45
Suppose -14*s = 36*s - 12650. Calculate the highest common factor of s and 11.
11
Let v(h) = -9 + 6 - 5*h - 7. Let o be v(-5). Let u(f) = 2*f + 37. Let k be u(34). Calculate the highest common factor of o and k.
15
Let n be 3/4 - (-1970)/40. What is the highest common factor of n and 220?
10
Suppose -4*z - 37 = -2*y + 109, 0 = -5*y + 4*z + 335. Let f be 10*(7/(-2))/7. Let u = 16 - f. Calculate the highest common factor of u and y.
21
Let q = 489 - 438. What is the highest common divisor of 85 and q?
17
Let b = -65 + -47. Let g(o) = 168*o**2 + o. Let h be g(-1). Let t = h + b. Calculate the highest common divisor of 5 and t.
5
Let u(h) = 2*h**3 + 4*h**2 + 4*h + 2. Suppose 9 - 13 = 2*v. Let b be u(v). Let i(n) = -5*n + 5. Let m be i(b). Calculate the greatest common factor of 5 and m.
5
Let a(q) be the second derivative of 6*q + 0 + 13/2*q**2 + 1/3*q**3. Let t be a(-6). Calculate the greatest common factor of 3 and t.
1
Let o = 4 + -3. Suppose -25 = -41*s + 46*s. Let f be s*-3*(-3)/(-5). What is the highest common factor of f and o?
1
Suppose -7*w = -322 - 658. Suppose -6*a - 38 = -w. Calculate the greatest common factor of 119 and a.
17
Suppose 81*b = 112*b - 3224. Calculate the greatest common divisor of b and 91.
13
Let x 